{"id":91,"date":"2025-05-05T09:47:04","date_gmt":"2025-05-05T07:47:04","guid":{"rendered":"https:\/\/web.gususergroup.de\/?page_id=91"},"modified":"2025-05-06T10:01:36","modified_gmt":"2025-05-06T08:01:36","slug":"mitglied-werden","status":"publish","type":"page","link":"https:\/\/web.gususergroup.de\/?page_id=91","title":{"rendered":"Mitglied werden"},"content":{"rendered":"\n<p>Um Mitglied bei der GUS Usergroup zu werden, verwenden Sie bitte das folgende <a href=\"https:\/\/discourse.gususergroup.de\/signup\">Anmeldeformular<\/a>. Da die Teilnehmerschaft auf Personen beschr\u00e4nkt ist, welche das ERP-System GUS-OS einsetzt oder aufgrund ihrer T\u00e4tigkeit eng mit dem GUS-OS ERP-System verbunden sind, werden neue Mitglieder erst nach einer Pr\u00fcfung freigeschaltet. Wir bitten daher um ein wenig Geduld.<\/p>\n\n\n\n<div class=\"wp-block-buttons is-layout-flex wp-block-buttons-is-layout-flex\">\n<div class=\"wp-block-button\"><a class=\"wp-block-button__link wp-element-button\" href=\"https:\/\/discourse.gususergroup.de\/signup\">Zur Anmeldung<\/a><\/div>\n<\/div>\n","protected":false},"excerpt":{"rendered":"<p>Um Mitglied bei der GUS Usergroup zu werden, verwenden Sie bitte das folgende Anmeldeformular. Da die Teilnehmerschaft auf Personen beschr\u00e4nkt ist, welche das ERP-System GUS-OS einsetzt oder aufgrund ihrer T\u00e4tigkeit eng mit dem GUS-OS ERP-System verbunden sind, werden neue Mitglieder erst nach einer Pr\u00fcfung freigeschaltet. Wir bitten daher um ein wenig Geduld.<\/p>\n","protected":false},"author":3,"featured_media":0,"parent":0,"menu_order":0,"comment_status":"closed","ping_status":"closed","template":"","meta":{"footnotes":""},"class_list":["post-91","page","type-page","status-publish","hentry"],"_links":{"self":[{"href":"https:\/\/web.gususergroup.de\/index.php?rest_route=\/wp\/v2\/pages\/91","targetHints":{"allow":["GET"]}}],"collection":[{"href":"https:\/\/web.gususergroup.de\/index.php?rest_route=\/wp\/v2\/pages"}],"about":[{"href":"https:\/\/web.gususergroup.de\/index.php?rest_route=\/wp\/v2\/types\/page"}],"author":[{"embeddable":true,"href":"https:\/\/web.gususergroup.de\/index.php?rest_route=\/wp\/v2\/users\/3"}],"replies":[{"embeddable":true,"href":"https:\/\/web.gususergroup.de\/index.php?rest_route=%2Fwp%2Fv2%2Fcomments&post=91"}],"version-history":[{"count":3,"href":"https:\/\/web.gususergroup.de\/index.php?rest_route=\/wp\/v2\/pages\/91\/revisions"}],"predecessor-version":[{"id":116,"href":"https:\/\/web.gususergroup.de\/index.php?rest_route=\/wp\/v2\/pages\/91\/revisions\/116"}],"wp:attachment":[{"href":"https:\/\/web.gususergroup.de\/index.php?rest_route=%2Fwp%2Fv2%2Fmedia&parent=91"}],"curies":[{"name":"wp","href":"https:\/\/api.w.org\/{rel}","templated":true}]}}